te the greatest common divisor of y and 189.
7
Let y(a) = -13*a + 12. Let o be y(6). Let v be 3 + o*(-3)/3. What is the greatest common factor of 23 and v?
23
Suppose -5*k - 68 = -o, 3*k - 72 = -4*o + 85. Let w(f) = -11*f**2 + 3*f + 1. Let g be w(-1). Let y = o + g. What is the greatest common divisor of y and 75?
15
Suppose 4*s + 2 - 6 = 0. Let x be s/(-5) + (-2)/(-10). Suppose 2*z - 25 + 5 = x. Calculate the highest common factor of z and 2.
2
Suppose 11*r - 3*r - 1808 = 0. Suppose r + 254 = 4*k. What is the greatest common divisor of k and 48?
24
Let m be ((-2)/3)/(3/(-135)). Suppose 0 = 6*c - 6 - m. Let a = 5 - -13. Calculate the greatest common factor of c and a.
6
Let m be 4/74 - 231840/(-4144). What is the highest common factor of m and 16?
8
Let d = -11 - -5. Let p(q) be the third derivative of q**5/60 + q**4/12 - q**3/2 - q**2. Let u be p(d). Calculate the greatest common factor of 14 and u.
7
Let a = -43 + 49. Let k be (6/(-8))/((-3)/8). Suppose -3*g + 17 = 5*h, 9 - k = 3*g - 5*h. Calculate the greatest common divisor of a and g.
2
Let o = -9 - -12. Suppose -o*h = -5*h - 6. Let j(d) = -d**3 - d**2 + 4*d. Let i be j(h). What is the highest common divisor of 48 and i?
6
Let r be 3/(-18) + 75/18. Suppose 2*u + 0*u - 84 = -r*g, u + g - 42 = 0. Calculate the highest common factor of 6 and u.
6
Let q be ((-50)/30 - 2/(-3)) + 13. Let v(r) = 11*r**2 - 10*r - 9. Let d be v(-1). What is the greatest common divisor of q and d?
12
Suppose -5*n + 3*i = -1577 - 4173, -2*i = 0. Calculate the highest common factor of n and 50.
50
Suppose a = 2*a - 8. Suppose 2*k - a = 3*v, -3*v + v - 2 = -3*k. Let n be 0 + -1 + k - -55. What is the greatest common divisor of 26 and n?
26
Suppose 2160 = -12*d + 27*d. What is the highest common factor of 240 and d?
48
Let j(z) = 39*z + 361. Let i be j(-7). Calculate the highest common factor of 242 and i.
22
Let q be (5/3)/((-8)/(-240)). Suppose 2*o + 3*v = -3*o + 60, 5*o + 5*v - q = 0. What is the highest common divisor of 15 and o?
15
Suppose -2*f + 191 - 33 = 4*y, -5*f - 25 = 0. What is the greatest common divisor of y and 35?
7
Let n(f) = -14*f + 2. Let c be n(1). Let p = -8 - c. Suppose 2*a = p*a - 16. What is the highest common factor of 40 and a?
8
Let q(c) = -2*c**2 + 4*c + 5. Let m be q(-3). Let z = 27 - m. What is the highest common factor of z and 13?
13
Let p = 391 - 233. Calculate the greatest common factor of 869 and p.
79
Let n be -3 - ((-1)/2)/((-4)/(-2024)). Let a = n - 120. What is the greatest common factor of a and 26?
26
Suppose 2*p = -4*r + 38, -2*p + 6*p - 46 = 2*r. Let v = -158 + 262. Calculate the greatest common factor of p and v.
13
Let u be 18/(2376/(-596) - -4). What is the highest common factor of u and 18?
9
Suppose 5*u - 84 = -4*f, -f + 28 - 32 = 0. What is the highest common factor of 140 and u?
20
Suppose -19 - 25 = -4*a. Suppose -a*g + 132 = -7*g. What is the greatest common factor of g and 3?
3
Let u(p) = p**3 + 5*p**2 + 4*p + 6. Suppose -5*b + 16 = q, 4*q = -b + 5*b - 32. Let c be u(q). What is the greatest common factor of c and 4?
2
Let j = 63 - 59. Suppose 2*x - j*x = -24. What is the highest common divisor of x and 4?
4
Let w = 108 - 92. Calculate the greatest common factor of w and 16.
16
Let a = 408 + -383. Calculate the highest common factor of a and 25.
25
Let r be 35/(-10)*(-24)/14. What is the highest common divisor of r and 12?
6
Let l = 141 + 1. Let v = l + -139. Calculate the greatest common factor of 48 and v.
3
Let c = 58 + -54. Let z(y) = 2*y**2 - 5*y + 3. Let l be z(c). What is the highest common factor of 5 and l?
5
Suppose l - 3*q = 92 + 8, 2*q = -8. Let i = -16 + 27. Calculate the highest common divisor of l and i.
11
Let w be (3/12)/((-3)/(-24)). Suppose 2*a = 4*d + 68, -9*a - 10 = w*d - 4*a. Let y be 10*(4 + (-42)/d). Calculate the highest common divisor of 17 and y.
17
Suppose -6*m + 4*m = 0. Suppose 3*w - 5 - 19 = m. Let x = 0 + w. What is the greatest common divisor of x and 20?
4
Suppose 3*a + 5*j - 45 = -2*a, 23 = 3*a + 2*j. Let d = 8 - -2. What is the greatest common divisor of a and d?
5
Let x(n) = n + 6. Let a be x(-6). Let b be -3 + (a - -2) + (-144)/(-4). Calculate the greatest common factor of b and 14.
7
Suppose -9*k = -56 - 268. Suppose -7*m - k + 190 = 0. Calculate the highest common divisor of 132 and m.
22
Let k be (-25 + 11)*(-2)/(-4). Let h(j) = -17*j + 1. Let y(i) = 9*i. Let d(o) = k*y(o) - 4*h(o). Let p be d(6). Calculate the highest common factor of p and 39.
13
Let d be (5 - 25)*(-3144)/60. What is the highest common divisor of 131 and d?
131
Let q = -20 - -42. Let m = q + -7. Calculate the highest common factor of 165 and m.
15
Suppose -5*g + 4*v - 35 = 5*v, -5*g + v = 45. Let f = 54 - 74. Let i be (-330)/f*g/(-6). Calculate the greatest common divisor of 154 and i.
22
Suppose 5*h - h - 572 = 0. Let n = -25 + 47. Let j = -9 + n. What is the greatest common factor of h and j?
13
Let t = -158 - -250. Let v = t - 8. Calculate the highest common divisor of 28 and v.
28
Let r = -93 - -137. Let j = -44 + -34. Let i = j - -89. Calculate the greatest common divisor of i and r.
11
Let z(i) = -i**2 - 10*i + 7. Suppose -2*o + 2 = -4. Suppose -p = -o*p + 10, 2*u - 2*p + 30 = 0. Let r be z(u). Calculate the greatest common divisor of r and 7.
7
Suppose w - 71 = -4*h - 2*w, -w = 3. Suppose 0 = -4*v + 86 - 6. Suppose 7 = -g + 3*a, -4*a - v = 5*g - 61. Calculate the greatest common factor of g and h.
5
Let n be 1314/(-27)*((-54)/(-4))/(-3). Calculate the highest common factor of 292 and n.
73
Suppose 5*h + 4*o - 698 = 0, 116 = 2*h - 4*o - 152. What is the greatest common divisor of 12 and h?
6
Let j be 30/(-2)*-1*2/2. Calculate the greatest common factor of 5 and j.
5
Let n(l) = l**2 + 7*l - 8. Let m be n(-6). Let c be 2*1*133/m. Let q = c + 24. What is the highest common factor of 35 and q?
5
Suppose -151 - 73 = -7*r. Let g(h) = h**3 - 8*h**2 - h + 2. Let u be g(7). Let s = u + 102. What is the greatest common divisor of r and s?
16
Suppose -4*d = -8*d + 416. What is the greatest common factor of d and 26?
26
Let h(q) = q**2 - q - 1. Let b(p) = -p**3 - 19*p**2 - 20*p + 25. Let f(u) = -b(u) + 2*h(u). Let k be f(-20). What is the highest common divisor of k and 39?
13
Let q(p) be the second derivative of 3*p**2 - 1/3*p**3 + 0 + 1/12*p**4 + 10*p. Let d be q(8). What is the greatest common divisor of 18 and d?
18
Let t be -388 + 1/((-3)/6). Let l = -258 - t. Calculate the highest common factor of 12 and l.
12
Suppose y - 2*r - 3 = 0, -4 = -3*y + 2*r - 3. Let f be (2 - y)*5/3. Suppose 4 = u - f. What is the greatest common divisor of u and 63?
9
Let c be 2*((-3654)/(-9) + -3). What is the greatest common factor of c and 62?
62
Let z be (24/(-10))/(8/40). Let m be z/((-21)/(-6) - 4). Calculate the greatest common factor of 168 and m.
24
Let u be -2 - (-233)/(2/2). Let m = -150 - -171. What is the greatest common factor of u and m?
21
Let m(i) = 3*i - 8. Let a be m(8). Suppose -2*o + o - 14 = 5*d, -5*o - 5*d = -10. Let v be (o/(-9) - -2)*24. Calculate the highest common divisor of v and a.
16
Let y = -30 + 51. Let t(x) = 3*x - 3. Let s be t(6). Suppose 5*v + 2*a - s = 0, -3*a = v - 0*v - 3. What is the greatest common divisor of y and v?
3
Let f(i) = -i**2 - 4*i + 1. Let h be (0 + -1)*(-3 - -10). Let m = 4 + h. Let o be f(m). What is the highest common divisor of 6 and o?
2
Suppose -a - 20 = -2*t - 5*a, 2*t = 4*a + 28. Suppose 4*j = -j + 540. What is the highest common factor of t and j?
12
Let z = -60 + 46. Suppose 22 = b + 4*v, -b + 5*b + v - 13 = 0. Let k be (z/1*-1)/b. Calculate the greatest common factor of 35 and k.
7
Let t = 70 + -28. Let k be (-1)/(-4) - t/(-24). Let l(m) = 2*m**2 + 4*m - 3. Let c be l(k). Calculate the greatest common divisor of 13 and c.
13
Let p be 2 + 2 + 8 + 1. Let r(j) = j**3 + 3*j**2 - 3*j - 3 - 8 + 4*j**2 - 8*j. Let u be r(-8). What is the greatest common factor of p and u?
13
Let i(h) = -h**3 - 8*h**2 - 5*h + 14. Let x be i(-6). Let q = x - -43. Calculate the greatest common factor of q and 240.
15
Let b(t) = 6*t**2 + 5*t + 13. Let r be b(-12). Let z = r - 385. Calculate the greatest common divisor of 48 and z.
48
Let j be ((-1)/1)/(2/(-682)). Suppose 3*q = -5*r + j, -3 = q - 0*q. Calculate the greatest common divisor of